{"id":6394,"date":"2011-09-04T17:35:08","date_gmt":"2011-09-04T16:35:08","guid":{"rendered":"http:\/\/regionmazowsze.pl\/?page_id=6394"},"modified":"2015-04-11T16:44:26","modified_gmt":"2015-04-11T15:44:26","slug":"kultura-i-rozrywka","status":"publish","type":"page","link":"https:\/\/regionmazowsze.pl\/?page_id=6394","title":{"rendered":"Kultura, rozrywka, sport"},"content":{"rendered":"<p><strong>Kultura i rozrywka w r\u00f3\u017cnych wymiarach \u017cycia spo\u0142ecznego<\/strong><\/p>\n<ul>\n<li>zwi\u0119kszenie nak\u0142ad\u00f3w na kultur\u0119 i dziedzictwo narodowe<\/li>\n<li>usprawnienie rozwi\u0105za\u0144 systemowych, maj\u0105cych na celu na ochron\u0119 obiekt\u00f3w dziedzictwa narodowego i pami\u0119ci narodowej<\/li>\n<li>intensyfikacja dzia\u0142a\u0144 na rzecz wspierania utalentowanej m\u0142odzie\u017cy<\/li>\n<li>budowa centr\u00f3w rozrywki i kultury dla dzieci, m\u0142odzie\u017cy, doros\u0142ych i senior\u00f3w<\/li>\n<li>programy edukacyjne w dziedzinie kultury &#8211; w szko\u0142ach i poza nimi<\/li>\n<\/ul>\n","protected":false},"excerpt":{"rendered":"<p>Kultura i rozrywka w r\u00f3\u017cnych wymiarach \u017cycia spo\u0142ecznego zwi\u0119kszenie nak\u0142ad\u00f3w na kultur\u0119 i dziedzictwo narodowe usprawnienie rozwi\u0105za\u0144 systemowych, maj\u0105cych na celu na ochron\u0119 obiekt\u00f3w dziedzictwa narodowego i pami\u0119ci narodowej intensyfikacja dzia\u0142a\u0144 na rzecz wspierania utalentowanej m\u0142odzie\u017cy budowa centr\u00f3w rozrywki i kultury dla dzieci, m\u0142odzie\u017cy, doros\u0142ych i senior\u00f3w programy edukacyjne w dziedzinie kultury &#8211; w szko\u0142ach [&hellip;]<\/p>\n","protected":false},"author":2,"featured_media":0,"parent":7840,"menu_order":6,"comment_status":"open","ping_status":"open","template":"","meta":[],"_links":{"self":[{"href":"https:\/\/regionmazowsze.pl\/index.php?rest_route=\/wp\/v2\/pages\/6394"}],"collection":[{"href":"https:\/\/regionmazowsze.pl\/index.php?rest_route=\/wp\/v2\/pages"}],"about":[{"href":"https:\/\/regionmazowsze.pl\/index.php?rest_route=\/wp\/v2\/types\/page"}],"author":[{"embeddable":true,"href":"https:\/\/regionmazowsze.pl\/index.php?rest_route=\/wp\/v2\/users\/2"}],"replies":[{"embeddable":true,"href":"https:\/\/regionmazowsze.pl\/index.php?rest_route=%2Fwp%2Fv2%2Fcomments&post=6394"}],"version-history":[{"count":9,"href":"https:\/\/regionmazowsze.pl\/index.php?rest_route=\/wp\/v2\/pages\/6394\/revisions"}],"predecessor-version":[{"id":11358,"href":"https:\/\/regionmazowsze.pl\/index.php?rest_route=\/wp\/v2\/pages\/6394\/revisions\/11358"}],"up":[{"embeddable":true,"href":"https:\/\/regionmazowsze.pl\/index.php?rest_route=\/wp\/v2\/pages\/7840"}],"wp:attachment":[{"href":"https:\/\/regionmazowsze.pl\/index.php?rest_route=%2Fwp%2Fv2%2Fmedia&parent=6394"}],"curies":[{"name":"wp","href":"https:\/\/api.w.org\/{rel}","templated":true}]}}