{"id":6383,"date":"2011-09-04T17:25:25","date_gmt":"2011-09-04T16:25:25","guid":{"rendered":"http:\/\/regionmazowsze.pl\/?page_id=6383"},"modified":"2015-03-29T00:18:53","modified_gmt":"2015-03-28T23:18:53","slug":"partnerstwo-spoleczne","status":"publish","type":"page","link":"https:\/\/regionmazowsze.pl\/?page_id=6383","title":{"rendered":"Partnerstwo spo\u0142eczno-gosp."},"content":{"rendered":"<p><span style=\"color: #993300;\">Przeciwdzia\u0142anie wykluczeniu spo\u0142ecznemu<\/span><\/p>\n<ul>\n<li><span style=\"color: #000000;\">wysi\u0142ki na rzecz wykorzystania potencja\u0142u ludzi pozostaj\u0105cych na emeryturze, tak by nie do\u015bwiadczali poczucia wykluczenia spo\u0142ecznego<\/span><\/li>\n<li><span style=\"color: #000000;\">pomoc niepe\u0142nosprawnym, likwidowanie barier oraz nauczanie i profilaktyka w zakresie bezpiecznych zachowa\u0144 w pracy i poza ni\u0105<\/span><\/li>\n<li><span style=\"color: #000000;\">zmniejszenie dystansu mi\u0119dzy miastem a wsi\u0105, wyr\u00f3wnywanie szans cywilizacyjnych w mniejszych o\u015brodkach \u017cycia spo\u0142ecznego<\/span><\/li>\n<li>rozw\u00f3j metod w prowadzeniu szkole\u0144 dla grup spo\u0142ecznych zagro\u017conych bezrobociem i wykluczeniem spo\u0142ecznym &#8211; tak\u017ce ze wzgl\u0119du na nieumiej\u0119tno\u015b\u0107 pos\u0142ugiwania si\u0119 nowoczesnymi technologiami w komunikacji spo\u0142ecznej<\/li>\n<\/ul>\n<p><span style=\"color: #993300;\">W\u0142a\u015bciwe wykorzystanie \u015brodk\u00f3w europejskich<\/span><\/p>\n<ul>\n<li><span style=\"color: #000000;\">intensyfikacja prac nad lepszym wykorzystaniem \u015brodk\u00f3w europejskich na rzecz Mazowsza i wprowadzeniem takich rozwi\u0105za\u0144, kt\u00f3re spowoduj\u0105 bardziej racjonalne i sprawiedliwe ich lokowanie w projekty o potencjale rozwojowym dla przysz\u0142ych pokole\u0144<\/span><\/li>\n<li><span style=\"color: #000000;\">eliminacja &#8222;dziur&#8221; w systemie rozdzia\u0142u \u015brodk\u00f3w europejskich, powoduj\u0105cych ich marnotrawstwo na szczeblu krajowym i europejskim<\/span><\/li>\n<li><span style=\"color: #000000;\">racjonalny i sprawiedliwy podzia\u0142 obci\u0105\u017ce\u0144 podatkowych dla poszczeg\u00f3lnych region\u00f3w w Polsce, w tym zmiany w konstrukcji tzw. podatku janosikowego<\/span><\/li>\n<\/ul>\n<p><span style=\"color: #993300;\">Budowa spo\u0142ecze\u0144stwa informacyjnego <\/span><\/p>\n<ul>\n<li><span style=\"color: #000000;\">dalsza informatyzacja urz\u0119d\u00f3w i instytucji na ka\u017cdym szczeblu administracji pa\u0144stwowej i samorz\u0105dowej oraz w plac\u00f3wkach edukacyjnych a tak\u017ce w s\u0105dach<\/span><\/li>\n<li><span style=\"color: #000000;\">zmniejszenie mitr\u0119gi biurokratycznej w urz\u0119dach odpowiedzialnych za rozwi\u0105zywanie spraw obywateli, tak\u017ce w s\u0105dach, dzi\u0119ki nowoczesnym technologiom i kulturze organizacyjnej<\/span><\/li>\n<li><span style=\"color: #000000;\">szkolenia w dziedzinie nowoczesnych technologii w komunikacji spo\u0142ecznej &#8222;od przedszkola do seniora&#8221;<\/span><\/li>\n<\/ul>\n","protected":false},"excerpt":{"rendered":"<p>Przeciwdzia\u0142anie wykluczeniu spo\u0142ecznemu wysi\u0142ki na rzecz wykorzystania potencja\u0142u ludzi pozostaj\u0105cych na emeryturze, tak by nie do\u015bwiadczali poczucia wykluczenia spo\u0142ecznego pomoc niepe\u0142nosprawnym, likwidowanie barier oraz nauczanie i profilaktyka w zakresie bezpiecznych zachowa\u0144 w pracy i poza ni\u0105 zmniejszenie dystansu mi\u0119dzy miastem a wsi\u0105, wyr\u00f3wnywanie szans cywilizacyjnych w mniejszych o\u015brodkach \u017cycia spo\u0142ecznego rozw\u00f3j metod w prowadzeniu szkole\u0144 [&hellip;]<\/p>\n","protected":false},"author":2,"featured_media":0,"parent":6952,"menu_order":2,"comment_status":"open","ping_status":"open","template":"","meta":[],"_links":{"self":[{"href":"https:\/\/regionmazowsze.pl\/index.php?rest_route=\/wp\/v2\/pages\/6383"}],"collection":[{"href":"https:\/\/regionmazowsze.pl\/index.php?rest_route=\/wp\/v2\/pages"}],"about":[{"href":"https:\/\/regionmazowsze.pl\/index.php?rest_route=\/wp\/v2\/types\/page"}],"author":[{"embeddable":true,"href":"https:\/\/regionmazowsze.pl\/index.php?rest_route=\/wp\/v2\/users\/2"}],"replies":[{"embeddable":true,"href":"https:\/\/regionmazowsze.pl\/index.php?rest_route=%2Fwp%2Fv2%2Fcomments&post=6383"}],"version-history":[{"count":9,"href":"https:\/\/regionmazowsze.pl\/index.php?rest_route=\/wp\/v2\/pages\/6383\/revisions"}],"predecessor-version":[{"id":11307,"href":"https:\/\/regionmazowsze.pl\/index.php?rest_route=\/wp\/v2\/pages\/6383\/revisions\/11307"}],"up":[{"embeddable":true,"href":"https:\/\/regionmazowsze.pl\/index.php?rest_route=\/wp\/v2\/pages\/6952"}],"wp:attachment":[{"href":"https:\/\/regionmazowsze.pl\/index.php?rest_route=%2Fwp%2Fv2%2Fmedia&parent=6383"}],"curies":[{"name":"wp","href":"https:\/\/api.w.org\/{rel}","templated":true}]}}

Partnerstwo społeczno-gosp.

<p><span style="color: #993300;">Przeciwdziałanie wykluczeniu społecznemu</span></p>
<ul>
<li><span style="color: #000000;">wysiłki na rzecz wykorzystania potencjału ludzi pozostających na emeryturze, tak by nie doświadczali poczucia wykluczenia społecznego</span></li>
<li><span style="color: #000000;">pomoc niepełnosprawnym, likwidowanie barier oraz nauczanie i profilaktyka w zakresie bezpiecznych zachowań w pracy i poza nią</span></li>
<li><span style="color: #000000;">zmniejszenie dystansu między miastem a wsią, wyrównywanie szans cywilizacyjnych w mniejszych ośrodkach życia społecznego</span></li>
<li>rozwój metod w prowadzeniu szkoleń dla grup społecznych zagrożonych bezrobociem i wykluczeniem społecznym &#8211; także ze względu na nieumiejętność posługiwania się nowoczesnymi technologiami w komunikacji społecznej</li>
</ul>
<p><span style="color: #993300;">Właściwe wykorzystanie środków europejskich</span></p>
<ul>
<li><span style="color: #000000;">intensyfikacja prac nad lepszym wykorzystaniem środków europejskich na rzecz Mazowsza i wprowadzeniem takich rozwiązań, które spowodują bardziej racjonalne i sprawiedliwe ich lokowanie w projekty o potencjale rozwojowym dla przyszłych pokoleń</span></li>
<li><span style="color: #000000;">eliminacja &#8222;dziur&#8221; w systemie rozdziału środków europejskich, powodujących ich marnotrawstwo na szczeblu krajowym i europejskim</span></li>
<li><span style="color: #000000;">racjonalny i sprawiedliwy podział obciążeń podatkowych dla poszczególnych regionów w Polsce, w tym zmiany w konstrukcji tzw. podatku janosikowego</span></li>
</ul>
<p><span style="color: #993300;">Budowa społeczeństwa informacyjnego </span></p>
<ul>
<li><span style="color: #000000;">dalsza informatyzacja urzędów i instytucji na każdym szczeblu administracji państwowej i samorządowej oraz w placówkach edukacyjnych a także w sądach</span></li>
<li><span style="color: #000000;">zmniejszenie mitręgi biurokratycznej w urzędach odpowiedzialnych za rozwiązywanie spraw obywateli, także w sądach, dzięki nowoczesnym technologiom i kulturze organizacyjnej</span></li>
<li><span style="color: #000000;">szkolenia w dziedzinie nowoczesnych technologii w komunikacji społecznej &#8222;od przedszkola do seniora&#8221;</span></li>
</ul>

<p>Przeciwdziałanie wykluczeniu społecznemu wysiłki na rzecz wykorzystania potencjału ludzi pozostających na emeryturze, tak by nie doświadczali poczucia wykluczenia społecznego pomoc niepełnosprawnym, likwidowanie barier oraz nauczanie i profilaktyka w zakresie bezpiecznych zachowań w pracy i poza nią zmniejszenie dystansu między miastem a wsią, wyrównywanie szans cywilizacyjnych w mniejszych ośrodkach życia społecznego rozwój metod w prowadzeniu szkoleń [&hellip;]</p>
