{"id":5085,"date":"2011-08-08T14:20:52","date_gmt":"2011-08-08T13:20:52","guid":{"rendered":"http:\/\/regionmazowsze.pl\/?page_id=5085"},"modified":"2015-07-19T22:25:32","modified_gmt":"2015-07-19T21:25:32","slug":"komunikacja","status":"publish","type":"page","link":"https:\/\/regionmazowsze.pl\/?page_id=5085","title":{"rendered":"Komunikacja"},"content":{"rendered":"<ul>\n<li><a href=\"http:\/\/www.ztm.waw.pl\/\">Zarz\u0105d Transportu Miejskiego w Warszawie<\/a><\/li>\n<li><a href=\"http:\/\/www.czt.org.pl\/o-czt\/statut-fundacji\" target=\"_blank\">Centrum Zr\u00f3wnowa\u017conego Transportu<\/a><\/li>\n<li><a href=\" http:\/\/infokolej.nowyekran.pl\/post\/12279,przewodnik-po-spolkach-kolejowych\">Przewodnik po sp\u00f3\u0142kach kolejowych<\/a><\/li>\n<li><a href=\" http:\/\/rozklad-pkp.pl\/\">Rozk\u0142ad jazdy PKP<\/a><\/li>\n<li><a href=\" http:\/\/dworzecpolski.pl\/index.html\">Dworzec polski<\/a><\/li>\n<li><a href=\"http:\/\/www.pkp.pl\/node\/3021\">PKP &#8211; struktura organizacyjna<\/a> &#8211;<\/li>\n<li><a href=\"http:\/\/pl.wikipedia.org\/wiki\/Polskie_Koleje_Pa%C5%84stwowe\">Wikipedia o organizacji PKP<\/a><\/li>\n<li><a href=\" http:\/\/www.przewozyregionalne.pl\/\">Przewozy Regionalne<\/a><\/li>\n<li><a href=\"http:\/\/www.intercity.pl\/\">PKP Intercity<\/a><\/li>\n<li><a href=\"http:\/\/www.kolejpolska.pl\/\">Kolej polska<\/a><\/li>\n<li><a href=\"http:\/\/www.mazowieckie.com.pl\/site.php5\/Show\/1.html\">Koleje Mazowieckie<\/a><\/li>\n<li><a href=\"http:\/\/polskakolej.com.pl\/news.php\">Polskakolej.com.pl<\/a><\/li>\n<li><a href=\"http:\/\/www.skm.warszawa.pl\/\">Szybka Kolej Miejska Warszawa<\/a><\/li>\n<li><a href=\" http:\/\/pl.wikipedia.org\/wiki\/Szybka_kolej_miejska\">Szybka Kolej Miejska<\/a><\/li>\n<li><a href=\"http:\/\/www.pod-semaforkiem.aplus.pl\/link.php#link_1\">Linki do stron o tematyce kolejowej<\/a><\/li>\n<li><a href=\"http:\/\/www.siskom.waw.pl\/aktualnosci.htm\" target=\"_blank\">Siskom.waw.pl<\/a><\/li>\n<li><a href=\"http:\/\/ec.europa.eu\/transport\/passenger-rights\/pl\/index.html\" target=\"_blank\">Prawa pasa\u017cer\u00f3w &#8211; UE<\/a><\/li>\n<\/ul>\n","protected":false},"excerpt":{"rendered":"<p>Zarz\u0105d Transportu Miejskiego w Warszawie Centrum Zr\u00f3wnowa\u017conego Transportu Przewodnik po sp\u00f3\u0142kach kolejowych Rozk\u0142ad jazdy PKP Dworzec polski PKP &#8211; struktura organizacyjna &#8211; Wikipedia o organizacji PKP Przewozy Regionalne PKP Intercity Kolej polska Koleje Mazowieckie Polskakolej.com.pl Szybka Kolej Miejska Warszawa Szybka Kolej Miejska Linki do stron o tematyce kolejowej Siskom.waw.pl Prawa pasa\u017cer\u00f3w &#8211; UE<\/p>\n","protected":false},"author":2,"featured_media":0,"parent":2259,"menu_order":20,"comment_status":"open","ping_status":"open","template":"","meta":[],"_links":{"self":[{"href":"https:\/\/regionmazowsze.pl\/index.php?rest_route=\/wp\/v2\/pages\/5085"}],"collection":[{"href":"https:\/\/regionmazowsze.pl\/index.php?rest_route=\/wp\/v2\/pages"}],"about":[{"href":"https:\/\/regionmazowsze.pl\/index.php?rest_route=\/wp\/v2\/types\/page"}],"author":[{"embeddable":true,"href":"https:\/\/regionmazowsze.pl\/index.php?rest_route=\/wp\/v2\/users\/2"}],"replies":[{"embeddable":true,"href":"https:\/\/regionmazowsze.pl\/index.php?rest_route=%2Fwp%2Fv2%2Fcomments&post=5085"}],"version-history":[{"count":35,"href":"https:\/\/regionmazowsze.pl\/index.php?rest_route=\/wp\/v2\/pages\/5085\/revisions"}],"predecessor-version":[{"id":11598,"href":"https:\/\/regionmazowsze.pl\/index.php?rest_route=\/wp\/v2\/pages\/5085\/revisions\/11598"}],"up":[{"embeddable":true,"href":"https:\/\/regionmazowsze.pl\/index.php?rest_route=\/wp\/v2\/pages\/2259"}],"wp:attachment":[{"href":"https:\/\/regionmazowsze.pl\/index.php?rest_route=%2Fwp%2Fv2%2Fmedia&parent=5085"}],"curies":[{"name":"wp","href":"https:\/\/api.w.org\/{rel}","templated":true}]}}