{"id":3804,"date":"2011-05-10T10:59:46","date_gmt":"2011-05-10T09:59:46","guid":{"rendered":"http:\/\/regionmazowsze.pl\/?page_id=3804"},"modified":"2014-05-19T22:11:43","modified_gmt":"2014-05-19T21:11:43","slug":"dom","status":"publish","type":"page","link":"https:\/\/regionmazowsze.pl\/?page_id=3804","title":{"rendered":"Dom"},"content":{"rendered":"<ul>\n<li><strong><a href=\"http:\/\/www.knf.gov.pl\/dane_wspolne\/kalkulatory.html\">Kalkulatory<\/a><\/strong><\/li>\n<li><a href=\"http:\/\/www.firma.egospodarka.pl\/kalkulatory\" target=\"_blank\"><strong>Kalkulatory<\/strong><\/a><\/li>\n<li><a href=\"http:\/\/jakoszczedzacpieniadze.pl\/\" target=\"_blank\">jakoszczedzacpieniadze.pl<\/a><\/li>\n<li><a href=\"http:\/\/bankomania.bankier.pl\/\" target=\"_blank\">bankomania.bankier.pl<\/a><\/li>\n<li><a href=\"http:\/\/mazowsze2010.files.wordpress.com\/2010\/10\/kwiat.jpg\">Takie historie bywaj\u0105 podobne i s\u0142yszymy o nich coraz cz\u0119\u015bciej. Pierwszy zaci\u0105gni\u0119ty kredyt nie boli, kolejne co najwy\u017cej budz\u0105 lekki niepok\u00f3j. Jednak gdy nowym kredytem sp\u0142acamy poprzednie \u2013 jeste\u015bmy ju\u017c w matni. Kredytowa p\u0119tla zaciska si\u0119, a nasze \u017cycie wali si\u0119 w gruzy. Wi\u0119cej: <\/a><a href=\"http:\/\/nbportal.pl\/pl\/np\/artykuly\/finanse\/domowy_budzet_nie_lubi_deficytu\">nbp.portal.pl<\/a><\/li>\n<\/ul>\n","protected":false},"excerpt":{"rendered":"<p>Kalkulatory Kalkulatory jakoszczedzacpieniadze.pl bankomania.bankier.pl Takie historie bywaj\u0105 podobne i s\u0142yszymy o nich coraz cz\u0119\u015bciej. Pierwszy zaci\u0105gni\u0119ty kredyt nie boli, kolejne co najwy\u017cej budz\u0105 lekki niepok\u00f3j. Jednak gdy nowym kredytem sp\u0142acamy poprzednie \u2013 jeste\u015bmy ju\u017c w matni. Kredytowa p\u0119tla zaciska si\u0119, a nasze \u017cycie wali si\u0119 w gruzy. Wi\u0119cej: nbp.portal.pl<\/p>\n","protected":false},"author":2,"featured_media":0,"parent":3174,"menu_order":3,"comment_status":"open","ping_status":"open","template":"","meta":[],"_links":{"self":[{"href":"https:\/\/regionmazowsze.pl\/index.php?rest_route=\/wp\/v2\/pages\/3804"}],"collection":[{"href":"https:\/\/regionmazowsze.pl\/index.php?rest_route=\/wp\/v2\/pages"}],"about":[{"href":"https:\/\/regionmazowsze.pl\/index.php?rest_route=\/wp\/v2\/types\/page"}],"author":[{"embeddable":true,"href":"https:\/\/regionmazowsze.pl\/index.php?rest_route=\/wp\/v2\/users\/2"}],"replies":[{"embeddable":true,"href":"https:\/\/regionmazowsze.pl\/index.php?rest_route=%2Fwp%2Fv2%2Fcomments&post=3804"}],"version-history":[{"count":12,"href":"https:\/\/regionmazowsze.pl\/index.php?rest_route=\/wp\/v2\/pages\/3804\/revisions"}],"predecessor-version":[{"id":10638,"href":"https:\/\/regionmazowsze.pl\/index.php?rest_route=\/wp\/v2\/pages\/3804\/revisions\/10638"}],"up":[{"embeddable":true,"href":"https:\/\/regionmazowsze.pl\/index.php?rest_route=\/wp\/v2\/pages\/3174"}],"wp:attachment":[{"href":"https:\/\/regionmazowsze.pl\/index.php?rest_route=%2Fwp%2Fv2%2Fmedia&parent=3804"}],"curies":[{"name":"wp","href":"https:\/\/api.w.org\/{rel}","templated":true}]}}