{"id":3174,"date":"2011-04-24T17:58:19","date_gmt":"2011-04-24T16:58:19","guid":{"rendered":"http:\/\/regionmazowsze.pl\/?page_id=3174"},"modified":"2015-10-18T21:24:19","modified_gmt":"2015-10-18T20:24:19","slug":"rodzina","status":"publish","type":"page","link":"https:\/\/regionmazowsze.pl\/?page_id=3174","title":{"rendered":"Rodzina"},"content":{"rendered":"<ul>\n<li><a href=\"http:\/\/regionmazowsze.pl\/?tag=rodzina\" target=\"_blank\">Artyku\u0142y dot. spraw rodziny<\/a><\/li>\n<li><a href=\"http:\/\/www.rodzina.gov.pl\" target=\"_blank\">Rodzina.gov.pl<\/a><\/li>\n<li><a href=\"http:\/\/www.ibrpolska.pl\/\" target=\"_blank\">ibrpolska.pl<\/a><\/li>\n<li><a href=\"http:\/\/www.mcps.mazovia.pl\/main.php?l=7&amp;id=2&amp;id_newsa=624\" target=\"_blank\">Mazowieckie Centrum Polityki Spo\u0142ecznej<\/a><\/li>\n<li><a href=\"http:\/\/onet.tv\/l\/mamdziecko\/jak-powiedziec-dziecku-ze-bedzie-mialo-rodzenstwo\/dtkkx?q=%23MamDziecko&amp;s=date\" target=\"_blank\">onet.tv-mamdziecko<\/a><\/li>\n<li><a href=\"http:\/\/www.prezydent.pl\/aktualnosci\/wiadomosci\/art,1883,prezydent-podpisal-tzw-ustawe-o-pieczy-zastepczej.html\" target=\"_blank\">Ustawa o pieczy zast\u0119pczej<\/a><\/li>\n<li><a href=\"http:\/\/ec.europa.eu\/youreurope\/citizens\/family\/index_pl.htm\" target=\"_blank\">Rodzina w UE<\/a><\/li>\n<li><a href=\"http:\/\/www.arslege.pl\/zasada-dobra-rodziny\/k15\/a5302\/\">Rodzina a konstytucja<\/a><\/li>\n<li><a href=\"http:\/\/www.fundacjawspomaganiawsi.pl\/ebook\/rodzina-bezpieczna-finansowo\/#\/5\" target=\"_blank\">Rodzina bezpieczna finansowo<\/a><\/li>\n<li><a href=\"http:\/\/edufin.pl\/\" target=\"_blank\">Program edukacji finansowej<\/a><\/li>\n<li><a href=\"http:\/\/www.cozciebiewyrosnie.pl\/\" target=\"_blank\">Co z Ciebie wyro\u015bnie<\/a><\/li>\n<li><a href=\"http:\/\/zycieporozwodzie.mojglos.pl\/category\/malzenstwobezszans\/\" target=\"_blank\">zycieporozwodzie.mojglos.pl<\/a><\/li>\n<li><a href=\"http:\/\/www.mccash.pl\/\" target=\"_blank\">mccash.pl \u2013 nauka oszcz\u0119dzania dla dzieci<\/a><\/li>\n<li><a href=\"http:\/\/spadki.wieszjak.pl\/\">Prawa dotycz\u0105ce rodziny &#8211; wieszjak.pl<\/a><\/li>\n<li><a href=\"http:\/\/kalisz.naszemiasto.pl\/artykul\/347296,mozesz-uniknac-dziedziczenia-dlugow-po-swoich-krewnych-ale,id,t.html\">Mo\u017cesz unikn\u0105\u0107 dziedziczenia d\u0142ug\u00f3w po swoich krewnych, ale..<\/a><\/li>\n<li><a href=\"http:\/\/www.parpa.pl\/\">Pa\u0144stwowa Agencja Rozwi\u0105zywania Problem\u00f3w Alkoholowych<\/a><\/li>\n<li><a href=\"http:\/\/isap.sejm.gov.pl\/DetailsServlet?id=WDU19640090059\" target=\"_blank\">Kodeks Rodzinny i Opieku\u0144czy<\/a><\/li>\n<li><a href=\"http:\/\/www.codziennikprawny.pl\/uploaded\/akty_prawne\/138.pdf\" target=\"_blank\">\u00a0Ustawa z dnia 17.11.1964 Kodeks Post. Cywilnego (Dz.U.nr 43, poz.296, ze zm)<\/a><\/li>\n<li><a href=\"http:\/\/bs.sejm.gov.pl\/F?func=find-b&amp;request=000000248&amp;find_code=SYS&amp;local_base=TEK01\" target=\"_blank\">Konwencja z dnia 25.10.1980 dot. cyw. aspekt\u00f3w uprowadz. dziecka za granic\u0119 (Dz. U. z 1995 r. nr 108, poz. 528)<\/a><\/li>\n<li><a href=\"http:\/\/isap.sejm.gov.pl\/DetailsServlet?id=WDU20061390992\" target=\"_blank\">Ustawa z dnia 28.11.2003 o \u015bwiadczeniach rodzinnych(Dz. U. z 2006 r. nr 139, poz.992 ze zm.)<\/a><\/li>\n<li><a href=\"http:\/\/www.rodzinanaswoim.pl\/aktualnosc\/535\/\" target=\"_blank\">Zmiany w programie &#8222;Rodzina na swoim&#8221;<\/a><\/li>\n<\/ul>\n","protected":false},"excerpt":{"rendered":"<p>Artyku\u0142y dot. spraw rodziny Rodzina.gov.pl ibrpolska.pl Mazowieckie Centrum Polityki Spo\u0142ecznej onet.tv-mamdziecko Ustawa o pieczy zast\u0119pczej Rodzina w UE Rodzina a konstytucja Rodzina bezpieczna finansowo Program edukacji finansowej Co z Ciebie wyro\u015bnie zycieporozwodzie.mojglos.pl mccash.pl \u2013 nauka oszcz\u0119dzania dla dzieci Prawa dotycz\u0105ce rodziny &#8211; wieszjak.pl Mo\u017cesz unikn\u0105\u0107 dziedziczenia d\u0142ug\u00f3w po swoich krewnych, ale.. Pa\u0144stwowa Agencja Rozwi\u0105zywania Problem\u00f3w [&hellip;]<\/p>\n","protected":false},"author":2,"featured_media":0,"parent":2425,"menu_order":7,"comment_status":"open","ping_status":"open","template":"","meta":[],"_links":{"self":[{"href":"https:\/\/regionmazowsze.pl\/index.php?rest_route=\/wp\/v2\/pages\/3174"}],"collection":[{"href":"https:\/\/regionmazowsze.pl\/index.php?rest_route=\/wp\/v2\/pages"}],"about":[{"href":"https:\/\/regionmazowsze.pl\/index.php?rest_route=\/wp\/v2\/types\/page"}],"author":[{"embeddable":true,"href":"https:\/\/regionmazowsze.pl\/index.php?rest_route=\/wp\/v2\/users\/2"}],"replies":[{"embeddable":true,"href":"https:\/\/regionmazowsze.pl\/index.php?rest_route=%2Fwp%2Fv2%2Fcomments&post=3174"}],"version-history":[{"count":68,"href":"https:\/\/regionmazowsze.pl\/index.php?rest_route=\/wp\/v2\/pages\/3174\/revisions"}],"predecessor-version":[{"id":11708,"href":"https:\/\/regionmazowsze.pl\/index.php?rest_route=\/wp\/v2\/pages\/3174\/revisions\/11708"}],"up":[{"embeddable":true,"href":"https:\/\/regionmazowsze.pl\/index.php?rest_route=\/wp\/v2\/pages\/2425"}],"wp:attachment":[{"href":"https:\/\/regionmazowsze.pl\/index.php?rest_route=%2Fwp%2Fv2%2Fmedia&parent=3174"}],"curies":[{"name":"wp","href":"https:\/\/api.w.org\/{rel}","templated":true}]}}