{"id":3101,"date":"2011-04-23T08:40:53","date_gmt":"2011-04-23T07:40:53","guid":{"rendered":"http:\/\/regionmazowsze.pl\/?page_id=3101"},"modified":"2016-03-20T17:59:51","modified_gmt":"2016-03-20T16:59:51","slug":"przedsiebiorca","status":"publish","type":"page","link":"https:\/\/regionmazowsze.pl\/?page_id=3101","title":{"rendered":"Przedsi\u0119biorczo\u015b\u0107"},"content":{"rendered":"<table class=\"MsoTableGrid\" style=\"border-collapse: collapse; mso-table-layout-alt: fixed; border: none; mso-border-alt: solid windowtext .5pt; mso-yfti-tbllook: 1184; mso-padding-alt: 0cm 5.4pt 0cm 5.4pt;\" border=\"1\" width=\"987\" cellspacing=\"0\" cellpadding=\" 0\" bgcolor=\"#F8F8FF\">\n<tbody>\n<tr style=\"mso-yfti-irow: 0; mso-yfti-firstrow: yes;\">\n<td style=\"width: 353.6pt; border: solid windowtext 1.0pt; mso-border-alt: solid windowtext .5pt; padding: 0cm 5.4pt 0cm 5.4pt;\" valign=\"top\" width=\"471\">\n<ul>\n<li><strong><a href=\"http:\/\/regionmazowsze.pl\/?tag=przedsiebiorca\" target=\"_blank\">Artyku\u0142y o przedsi\u0119biorcach<\/a><\/strong><\/li>\n<li><a href=\"http:\/\/strefaeuro.com\/?cat=33\" target=\"_blank\">O strefie euro i gospodarce <\/a><\/li>\n<li><a href=\"http:\/\/www.przedsiebiorcytworza.pl\/\" target=\"_blank\">Przedsi\u0119biorczo\u015b\u0107 w Polsce 2012<\/a><\/li>\n<li><a href=\"http:\/\/www.investinpoland.pl\/pl\/index.php?option=content&amp;task=view&amp;id=26&amp;Itemid=32\" target=\"_blank\">Invest in Poland<\/a><\/li>\n<li><a href=\"http:\/\/armsa.pl\/?page_id=3023\">Agencja Rozwoju Mazowsza<\/a><\/li>\n<li><a href=\"http:\/\/mrfp.pl\" target=\"_blank\">Mazowiecki Regionalny Fundusz Po\u017cyczkowy<\/a><\/li>\n<li><a href=\"http:\/\/www.polskawschodnia.gov.pl\/\" target=\"_blank\">Polska Wschodnia<\/a><\/li>\n<li><a href=\"http:\/\/whyeasternpoland.eu\/\" target=\"_blank\">Dlaczego nie zainwestowa\u0142e\u015b w Polsce Wschodniej?<\/a><\/li>\n<li><a href=\"http:\/\/www.paiz.gov.pl\" target=\"_blank\">Polska Agencja Informacji i Inwestycji Zagranicznych <\/a>&#8211; <a href=\"http:\/\/www.paiz.gov.pl\/prawo\" target=\"_blank\">Prawo dla inwestor\u00f3w<\/a><\/li>\n<li><a href=\"http:\/\/www.web.gov.pl\/\" target=\"_blank\">WEB.GOV.PL<\/a> \/<a href=\"http:\/\/ecommercepolska.pl\/pl\/\" target=\"_blank\">Izba Gospodarki Elektronicznej<\/a><\/li>\n<li><a href=\"http:\/\/mamstartup.pl\/\" target=\"_blank\">mamstartup.pl\/<\/a><a href=\"http:\/\/startuptv.pl\/\" target=\"_blank\">startuptv.pl<\/a> \/<a href=\"http:\/\/pierwszymilion.forbes.pl\/\" target=\"_blank\">pierwszymilion.forbes.pl<\/a><\/li>\n<li><a href=\"http:\/\/klasyfikacje.pl\/\" target=\"_blank\">Klasyfikacje.pl<\/a><\/li>\n<li><a href=\"http:\/\/www.kig.pl\/\" target=\"_blank\">Krajowa Izba Gospodarcza<\/a><\/li>\n<li><a href=\"www.pi.gov.pl\/\" target=\"_blank\">Portal Innowacji<\/a><\/li>\n<li><a href=\"http:\/\/inkubatory.pl\/\" target=\"_blank\">inkubatory.pl<\/a> \/ <a href=\"http:\/\/e-meeting.pl\/o-targach\" target=\"_blank\">e-meeting.pl<\/a><\/li>\n<li><a href=\"http:\/\/www.wikistrat.com\/\" target=\"_blank\">wikistrat.com<\/a><\/li>\n<li><a href=\"http:\/\/crowdfunding.pl\/\" target=\"_blank\">crowdfunding.pl<\/a><\/li>\n<li><a href=\"https:\/\/wspieram.to\/\" target=\"_blank\">wspieram.to<\/a><\/li>\n<li><a href=\"http:\/\/pue.zus.pl\/\" target=\"_blank\">PUE.ZUS.PL<\/a><\/li>\n<li><a href=\"http:\/\/www.biznes-firma.pl\/prawo-i-inne-porady\" target=\"_blank\">Biznes-firma<\/a><\/li>\n<\/ul>\n<\/td>\n<td style=\"width: 351.2pt; border: solid windowtext 1.0pt; border-left: none; mso-border-left-alt: solid windowtext .5pt; mso-border-alt: solid windowtext .5pt; padding: 0cm 5.4pt 0cm 5.4pt;\" valign=\"top\" width=\"468\">\n<ul>\n<li><strong><a href=\"http:\/\/www.mazovia.pl\/dla-przedsiebiorcow\/aktualnosci\/\" target=\"_blank\">Dla przedsi\u0119biorc\u00f3w, Mazovia.pl<\/a><\/strong><\/li>\n<li><a href=\"http:\/\/epuap.gov.pl\/wps\/portal\" target=\"_blank\">ePUAP2 \/ <span data-reactid=\".34.1:4.1:$replies793104540802336_793633300749460\/=10.1:2:$comment793104540802336_794064290706361\/=10.0.$right.0.$left.0.0.1\"><span data-ft=\"{&quot;tn&quot;:&quot;K&quot;}\" data-reactid=\".34.1:4.1:$replies793104540802336_793633300749460\/=10.1:2:$comment793104540802336_794064290706361\/=10.0.$right.0.$left.0.0.1.$comment-body\"><span class=\"UFICommentBody\" data-reactid=\".34.1:4.1:$replies793104540802336_793633300749460\/=10.1:2:$comment793104540802336_794064290706361\/=10.0.$right.0.$left.0.0.1.$comment-body.0\"><span data-reactid=\".34.1:4.1:$replies793104540802336_793633300749460\/=10.1:2:$comment793104540802336_794064290706361\/=10.0.$right.0.$left.0.0.1.$comment-body.0.$end\/=1$text0\/=010\">epuap-pomoc@cpi.gov.pl lub pod nr telefonu: (22) 315 20 30 &#8211; czynny w dni robocze, 8:00 \u2013 17:00.<\/span><\/span><\/span><\/span><\/a><\/li>\n<li><a href=\"http:\/\/investmazovia.com\/\" target=\"_blank\">Obserwatorium Atrakcyjno\u015bci Inwestycyjnej Mazowsza<\/a><\/li>\n<li><a href=\"http:\/\/www.jessica.mazovia.pl\/\" target=\"_blank\">JESSICA.MAZOVIA.PL<\/a><\/li>\n<li><a href=\"http:\/\/kkz.mcps-efs.pl\/aktualnosci.html\" target=\"_blank\">Kalkulator Koszt\u00f3w Zaniechania<\/a><\/li>\n<li><a href=\"http:\/\/odpowiedzialnybiznes.pl\/baza-wiedzy-o-csr\/\" target=\"_blank\">Forum Odpowiedzialnego Biznesu<\/a><\/li>\n<li><a href=\"http:\/\/mikroporady.pl\/\">Mikroporady<\/a><\/li>\n<li><a href=\"http:\/\/marketerplus.pl\/biezacy-numer\/\">marketerplus.pl\/biezacy-numer\/<\/a> <a href=\"http:\/\/media2.pl\/\" target=\"_blank\">media2.pl<\/a><\/li>\n<li><a href=\"http:\/\/www.pekao.com.pl\/mis\/raport_SME\" target=\"_blank\">Raport o mikro i ma\u0142ych firmach w roku 2012, PEKAO SA<\/a><\/li>\n<li><a href=\"http:\/\/www.egospodarka.pl\/\" target=\"_blank\">eGospodarka\/<\/a><a href=\"http:\/\/www.epr.pl\/\" target=\"_blank\">epr.pl<\/a>\/ <a href=\"http:\/\/www.infor.pl\/\" target=\"_blank\">infor.pl<\/a><\/li>\n<li><a href=\"http:\/\/www.admonkey.pl\/\" target=\"_blank\">admonkey.pl<\/a> \/<a href=\"http:\/\/nowymarketing.pl\/\" target=\"_blank\"> nowymarketing.pl<\/a><\/li>\n<li><a href=\"http:\/\/crossweb.pl\/\" target=\"_blank\">crossweb.pl<\/a> \/ <a href=\"https:\/\/www.pl.capgemini.com\/przewodnik-social-media\" target=\"_blank\">Przewodnik social media<\/a><\/li>\n<li><a href=\"http:\/\/www.gazeta-msp.pl\/\" target=\"_blank\">GAZETA MSP<\/a> \/<a href=\"http:\/\/informacjebranzowe.pl\/\" target=\"_blank\"> informacjebranzowe.pl<\/a><\/li>\n<li><a href=\"http:\/\/www.stat.gov.pl\/bdl\/app\/strona.html?p_name=indeks\" target=\"_blank\">Bank danych lokalnych, GUS<\/a><\/li>\n<li><a href=\"http:\/\/www.biznes2biznes.com\/\" target=\"_blank\">biznes2biznes.com<\/a> \/ <a href=\"http:\/\/superbiznes.eu\/\" target=\"_blank\">superbiznes.eu<\/a><\/li>\n<li><a href=\"http:\/\/twojinternet.pl\/\" target=\"_blank\">twojinternet.pl<\/a> \/<a href=\"http:\/\/www.spidersweb.pl\/2014\/08\/twitter-kompletny-przewodnik.html\" target=\"_blank\"> spidersweb.pl<\/a> \/<a href=\"http:\/\/startuptv.pl\/\" target=\"_blank\"> startuptv.pl<\/a><\/li>\n<li><a href=\"http:\/\/mensis.pl\/\" target=\"_blank\">mensis.pl<\/a> \/<a href=\"http:\/\/bizneszklasa.pl\/\" target=\"_blank\"> bizneszklasa.pl<\/a>\/ <a href=\"http:\/\/www.telix.pl\/\">telix.pl<\/a><\/li>\n<li><a href=\"http:\/\/blpoland.com\/\" target=\"_blank\">blpoland.com<\/a> \/ <a href=\"http:\/\/www.linktopoland.com\/en\" target=\"_blank\">linktopoland.com<\/a><\/li>\n<li><a href=\"http:\/\/mambiznes.pl\/\" target=\"_blank\">mambiznes.pl<\/a><\/li>\n<li><a href=\"http:\/\/lookreatywni.pl\/\" target=\"_blank\">lookreatywni.pl &#8211; prawo w\u0142asno\u015bci intelektualnej<\/a><\/li>\n<\/ul>\n<\/td>\n<\/tr>\n<tr style=\"mso-yfti-irow: 1;\">\n<td style=\"width: 359.8pt; border: solid windowtext 1.0pt; border-top: none; mso-border-top-alt: solid windowtext .5pt; mso-border-alt: solid windowtext .5pt; padding: 0cm 5.4pt 0cm 5.4pt;\" valign=\"top\" width=\"480\">\n<ul>\n<li><strong><a href=\"https:\/\/prod.ceidg.gov.pl\/ceidg.cms.engine\/\" target=\"_blank\">CENTRALNA EWIDENCJA I INFORMACJA O DZIA\u0141ALNO\u015aCI GOSPODARCZEJ<\/a><\/strong><\/li>\n<li><a href=\"https:\/\/mac.gov.pl\/e-uslugi\/dzialalnosc-gospodarcza-w-tym-zamowienia-publiczne\" target=\"_blank\">MAC, E -US\u0141UGI<\/a><\/li>\n<li><a href=\"http:\/\/www.bsa.org\" target=\"_blank\">BSA.ORG<\/a> \/ <a href=\"http:\/\/biznes.gov.pl\" target=\"_blank\">biznes.gov.pl<\/a><\/li>\n<li><a href=\"http:\/\/socjologiainternetu.bloog.pl\/id,332968937,title,PIRACTWO-INTERNETOWE-W-POLSCE,index.html?smoybbtticaid=611306\" target=\"_blank\">Polska &#8211; piractwo<\/a><\/li>\n<li><strong><a href=\"http:\/\/www.eksporter.gov.pl\/\" target=\"_blank\">Eksporter.gov.pl<\/a><\/strong><\/li>\n<li><a href=\"http:\/\/www.ecb.int\/ecb\/html\/index.pl.html\" target=\"_blank\">Europejski Bank Centralny<\/a><\/li>\n<li><a href=\"http:\/\/www.nbp.pl\/home.aspx?f=\/euro\/euro.html\" target=\"_blank\">Narodowy Bank Polski<\/a><\/li>\n<li><a href=\"http:\/\/www.imf.org\/external\/index.htm\" target=\"_blank\">International Monetary Fund<\/a><\/li>\n<li><a href=\"http:\/\/www.dobreprogramy.pl\/\" target=\"_blank\">dobreprogramy.pl<\/a><\/li>\n<li><a href=\"https:\/\/www.portalodo.com\/\" target=\"_blank\">Chro\u0144 dane osobowe<\/a> \/ <a href=\"http:\/\/www.rzetelnyregulamin.pl\/\" target=\"_blank\">Rzetelny regulamin<\/a><\/li>\n<li><a href=\"http:\/\/www.cert.gov.pl\/\" target=\"_blank\">Cert.gov.pl<\/a><\/li>\n<li><a href=\"http:\/\/www.przetargi.egospodarka.pl\/\" target=\"_blank\">Przetargi<\/a> \/ <a href=\"http:\/\/uzp.gov.pl\/cmsws\/page\/?F;239\" target=\"_blank\">uzp.gov.pl<\/a><\/li>\n<li><a href=\"http:\/\/www.obywatel.gov.pl\" target=\"_blank\">Obywatel.gov.pl<\/a><\/li>\n<\/ul>\n<\/td>\n<td style=\"width: 353.6pt; border: solid windowtext 1.0pt; border-left: none; mso-border-left-alt: solid windowtext .5pt; mso-border-alt: solid windowtext .5pt; padding: 0cm 5.4pt 0cm 5.4pt;\" valign=\"top\" width=\"468\">\n<ul>\n<li><strong><a href=\"https:\/\/www.web.gov.pl\/e-punkt\/uslugobiorcy\/327_1330.html\" target=\"_blank\">Pojedynczy\u00a0 Punkt Kontaktowy &#8211; Prawo Obrotu Elektronicznego<\/a><\/strong><\/li>\n<li><a href=\"http:\/\/ec.europa.eu\/internal_market\/eu-go\/index_pl.htm\" target=\"_blank\">Pojedyncze Punkty Kontaktowe<\/a><\/li>\n<li><a href=\"http:\/\/www.parp.gov.pl\/index\/index\/1402\" target=\"_blank\">Znajd\u017a program dla siebie &#8211; PARP<\/a><\/li>\n<li><a href=\"http:\/\/regionmazowsze.pl\/?page_id=3698\" target=\"_blank\">PODATNIK<\/a><a href=\"http:\/\/www.akademiaparp.gov.pl\/\" target=\"_blank\">AKADEMIA PARP<\/a><\/li>\n<li><a href=\"http:\/\/www.parp.gov.pl\/index\/more\/16519\" target=\"_blank\">Informacje,\u00a0 KSU.PARP.GOV.PL<\/a><\/li>\n<li><a href=\"http:\/\/www.mf.gov.pl\/ministerstwo-finansow\/dzialalnosc\/integracja-ze-strefa-euro\/analizy-i-materialy-informacyjne\/monitor-konwergencji-nominalnej\" target=\"_blank\">Monitor konwergencji MF<\/a> \/ <a href=\"http:\/\/www.mf.gov.pl\/documents\/764034\/1002547\/monitor_2013_06.pdf\" target=\"_blank\">2013<\/a><\/li>\n<li><a href=\"http:\/\/www.mf.gov.pl\/en\/monitor-stabilnosci-strefy-euro\" target=\"_blank\">Monitor stabilno\u015bci strefy euro<\/a><\/li>\n<li><a href=\"http:\/\/schuman.pl\/aktualnoci-fundacji-schumana\/2049-raport-wizerunek-waluty-euro-w-polskich-mediach-elektronicznych\" target=\"_blank\">Euro w mediach elektronicznych, schuman.pl<\/a><\/li>\n<li><a href=\"http:\/\/strefaeuro.com\/?page_id=85594\" target=\"_blank\">Euro i instytucje<\/a> \/ <a href=\"http:\/\/strefaeuro.com\/?page_id=171\" target=\"_blank\">Euro i przedsi\u0119biorcy<\/a><\/li>\n<li><a href=\"http:\/\/dziennikustaw.gov.pl\/\" target=\"_blank\">dziennikustaw.gov.pl<\/a><\/li>\n<li><a href=\"http:\/\/www.firma.gov.pl\">Firma.gov.pl<\/a><\/li>\n<li><a href=\"http:\/\/daneosobowe.org.pl\/\" target=\"_blank\">daneosobowe.org.pl<\/a><\/li>\n<li><a href=\"http:\/\/www.giodo.gov.pl\/168\/j\/pl\" target=\"_blank\">GIODO<\/a><\/li>\n<\/ul>\n<\/td>\n<\/tr>\n<tr style=\"mso-yfti-irow: 2;\">\n<td style=\"width: 359.8pt; border: solid windowtext 1.0pt; border-top: none; mso-border-top-alt: solid windowtext .5pt; mso-border-alt: solid windowtext .5pt; padding: 0cm 5.4pt 0cm 5.4pt;\" valign=\"top\" width=\"480\">\n<ul>\n<li><strong><a href=\"http:\/\/strefaeuro.com\/?page_id=34086\" target=\"_blank\"> PRAWO I INSTYTUCJE<\/a> <\/strong><\/li>\n<li><a href=\"http:\/\/mambiznes.pl\" target=\"_blank\">mambiznes.pl<\/a><\/li>\n<li><a href=\"http:\/\/www.u24.pl\/\" target=\"_blank\">E-Administracja<\/a><\/li>\n<li><a href=\"http:\/\/www.ibiblio.org\/theeuro\/InformationWebsite.htm?http:\/\/www.ibiblio.org\/theeuro\/faq\" target=\"_blank\">The Euro Information Website<\/a><\/li>\n<li><a href=\"http:\/\/www.nbp.pl\/home.aspx?f=\/cie\/home.html\" target=\"_blank\">Centrum Informacji o Euro, NBPortal.pl<\/a><\/li>\n<li><a href=\"http:\/\/www.mf.gov.pl\/ministerstwo-finansow\/dzialalnosc\/integracja-ze-strefa-euro\/aktualnosci\" target=\"_blank\">Integracja ze stref\u0105 euro &#8211; MF<\/a><\/li>\n<li><a href=\"http:\/\/ec.europa.eu\/public_opinion\/topics\/euro_en.htm\" target=\"_blank\">Eurobarometr<\/a><\/li>\n<li><a href=\"http:\/\/portal.enterprise-europe-network.ec.europa.eu\/index_pl.htm\">Europa dla ma\u0142ych i \u015brednich przedsi\u0119biorc\u00f3w-Sie\u0107 Enterprise Europe Network (EEN)<\/a><\/li>\n<li><a href=\"http:\/\/ksiegowosc.infor.pl\/niezbednik\/akty-prawne.html?gclid=COvmu_DlzqoCFcaDDgod5mJO0Q\" target=\"_blank\">NIEZB\u0118DNIK &#8211; AKTY PRAWNE &#8211; INFOR<\/a><\/li>\n<li><a href=\"http:\/\/info.wyborcza.biz\/mapa_strony\/gospodarka\/W\/1\" target=\"_blank\">Encyklopedia gospodarki, wyborcza.biz<\/a><\/li>\n<li><a href=\"http:\/\/orka.sejm.gov.pl\/opinie6.nsf\/nazwa\/3656_u\/$file\/3656_u.pdf\">Ustawa deregulacyjna<\/a><\/li>\n<li><a href=\"http:\/\/sprawnymarketing.pl\/\u00a0\" target=\"_blank\">sprawnymarketing.pl<\/a><\/li>\n<li><a href=\"http:\/\/www.twoja-firma.pl\/niezbednik.html\" target=\"_blank\">twoja-firma.pl\/niezbednik<\/a><\/li>\n<li><a href=\"http:\/\/e-biznes.pl\/\" target=\"_blank\">e-biznes.pl<\/a><\/li>\n<li><a href=\"http:\/\/www.logistyka.net.pl\/\" target=\"_blank\">logistyka.net.pl<\/a><\/li>\n<li><a href=\"http:\/\/www.nm.pl\/\" target=\"_blank\">www.nm.pl<\/a><\/li>\n<li><a href=\"https:\/\/www.portalprawait.com\/\" target=\"_blank\">portalprawait.com<\/a><\/li>\n<li><a href=\"http:\/\/prevent-magazine.pl\/#1\" target=\"_blank\">preventmagazine<\/a><\/li>\n<li><a href=\"http:\/\/poland.ashoka.org\/\" target=\"_blank\">poland.ashoka.org<\/a><\/li>\n<li><a href=\"http:\/\/www.money.pl\/\" target=\"_blank\">money.pl<\/a><\/li>\n<li><a href=\"http:\/\/www.bcc.org.pl\" target=\"_blank\">BCC<\/a> \/ <a href=\"http:\/\/konfederacjalewiatan.pl\/\" target=\"_blank\">Konfederacja Lewiatan<\/a><\/li>\n<li><a href=\"https:\/\/www.egw-24.pl\/\" target=\"_blank\">Elektroniczna gie\u0142da wierzytelno\u015bci<\/a><\/li>\n<li><a href=\" http:\/\/bip.ms.gov.pl\/pl\/ministerstwo\/wspolpraca-miedzynarodowa\/wspolpraca-europejska\/wspolpraca-w-ramach-unii-europejskiej\/europejska-siec-sadownicza-do-spraw-cywilnych-i-handlowych\/\">Europejska Sie\u0107 S\u0105downicza w sprawach cywilnych i handlowych<\/a><\/li>\n<li><a href=\"http:\/\/kongres-ehandlu.pl\/\" target=\"_blank\">kongres-ehandlu.pl<\/a><\/li>\n<li><a href=\"http:\/\/pi.gov.pl\">Portal innowacji<\/a><\/li>\n<li><a href=\"http:\/\/freshmail.pl\/\" target=\"_blank\">freshmail.pl<\/a><\/li>\n<li><a href=\"http:\/\/geoportal.gov.pl\/\" target=\"_blank\">geoportal.gov.pl<\/a><\/li>\n<li><a href=\"http:\/\/interaktywnie.com\/\" target=\"_blank\">interaktywnie.com<\/a> \/ <a href=\"http:\/\/di.com.pl\/\" target=\"_blank\">dziennik internaut\u00f3w<\/a><\/li>\n<li><a href=\"http:\/\/ankiety.interaktywnie.com\/\" target=\"_blank\">Ankiety<\/a><\/li>\n<li><a href=\"http:\/\/www.gazetapodatkowa.pl\/biezacy.html\" target=\"_blank\">gazetapodatkowa<\/a><\/li>\n<li><a href=\"http:\/\/www.bankier.pl\/firma\/podatki\/narzedzia\/kal_podatkowy\/\" target=\"_blank\">kalkulator odsetek<\/a><\/li>\n<li><a href=\"http:\/\/www.fortinet.pl\/\" target=\"_blank\">fortinet.pl<\/a><\/li>\n<li><a href=\"http:\/\/dlafirmy.info.pl\/\" target=\"_blank\">dlafirmy.info.pl<\/a><\/li>\n<li><a href=\"https:\/\/www.egw-24.pl\/\" target=\"_blank\">Elektroniczna gie\u0142da wierzytelno\u015bci<\/a><\/li>\n<li><a href=\" http:\/\/bip.ms.gov.pl\/pl\/ministerstwo\/wspolpraca-miedzynarodowa\/wspolpraca-europejska\/wspolpraca-w-ramach-unii-europejskiej\/europejska-siec-sadownicza-do-spraw-cywilnych-i-handlowych\/\">Europejska Sie\u0107 S\u0105downicza w sprawach cywilnych i handlowych<\/a><\/li>\n<li><strong><a href=\"http:\/\/strefa-euro.eu\/?page_id=50221\" target=\"_blank\">Bazy wiedzy<\/a> \/ <a href=\"http:\/\/www.informacjehandlowe.pl\/\" target=\"_blank\">Informacje handlowe<\/a><\/strong><\/li>\n<li><a href=\"http:\/\/www.bhp.abc.com.pl\/\" target=\"_blank\">bhp.abc.com.pl<\/a><\/li>\n<li><a href=\"http:\/\/www.coworking-warszawa.pl\/\" target=\"_blank\">CO &#8211; WORKING<\/a><\/li>\n<li><a href=\"http:\/\/regionmazowsze.pl\/?page_id=756\" target=\"_blank\">FUNDUSZE UE<\/a><\/li>\n<\/ul>\n<\/td>\n<td style=\"width: 353.6pt; border-top: none; border-left: none; border-bottom: solid windowtext 1.0pt; border-right: solid windowtext 1.0pt; mso-border-top-alt: solid windowtext .5pt; mso-border-left-alt: solid windowtext .5pt; mso-border-alt: solid windowtext .5pt; padding: 0cm 5.4pt 0cm 5.4pt;\" valign=\"top\" width=\"468\">\n<ul>\n<li><a href=\"http:\/\/strefaeuro.com\/?page_id=220\" target=\"_blank\"><strong>POLSKA &#8211; RAPORT<\/strong><\/a> \/ <a href=\"http:\/\/konfederacjalewiatan.pl\/upload\/centrum_prasowe\/pliki\/Polska_Konfedera_11_10_2007\/magazyn_bcc_2007_10_01_kampania_proeuro_pdf.pdf\" target=\"_blank\">Pro-Euro<\/a><\/li>\n<li><a href=\"http:\/\/www.forbes.pl\/artykuly\/sekcje\/wydarzenia\/europejczycy-chca-i-dyscypliny-i-pobudzania-wzrostu,27183,1\" target=\"_blank\">Euro &#8211; dyscyplina finansowa<\/a><\/li>\n<li><a href=\"http:\/\/www.ekonomia24.pl\/artykul\/399651.html\" target=\"_blank\">Jaki kurs dla Euro?<\/a><\/li>\n<li><a href=\"http:\/\/strefaeuro.com\/?page_id=85597\" target=\"_blank\">Euro &#8211; kalkulatory<\/a><\/li>\n<li><a href=\"http:\/\/strefaeuro.com\/?page_id=31136\" target=\"_blank\">Euro &#8211; historia<\/a> \/ <a href=\"http:\/\/strefaeuro.com\/?page_id=34317\" target=\"_blank\">Inne kraje i my<\/a><\/li>\n<li><a href=\"http:\/\/schuman.pl\/pl\/litwa-19-stym-czlonkiem-strefy-euro\" target=\"_blank\">Litwa 19-stym cz\u0142onkiem strefy euro \u2013 raport Fundacji Schumana<\/a><\/li>\n<li><a href=\"http:\/\/strefaeuro.com\/?page_id=31110\" target=\"_blank\">Euro &#8211; gdzie p\u0142acimy<\/a><\/li>\n<li><a href=\"http:\/\/europa.eu\/quick-links\/businesses\/index_pl.htm\" target=\"_blank\">Biznes w UE<\/a> \/<a href=\"http:\/\/europa.eu\/youreurope\/business\/index_pl.htm\" target=\"_blank\">Twoja Europa &#8211; dla przedsi\u0119biorc\u00f3w<\/a><\/li>\n<li><a href=\"http:\/\/krir.pl\/index.php\" target=\"_blank\">Krajowa Rada Izb Rolniczych<\/a><\/li>\n<li><a href=\"http:\/\/www.bankier.pl\/firma\/podatki\/narzedzia\/niezbednik\/\" target=\"_blank\">Niezb\u0119dnik przedsi\u0119biorcy<\/a><\/li>\n<li><a href=\"http:\/\/www.biznes-firma.pl\/d.102.Jak_zalozyc_firme.html\" target=\"_blank\">Jak za\u0142o\u017cy\u0107 firm\u0119<\/a><\/li>\n<li><a href=\"http:\/\/uokik.gov.pl\/aktualnosci.php?news_id=2639\" target=\"_blank\">Fuzje pod kontrol\u0105<\/a><\/li>\n<li><a href=\"http:\/\/www.msz.gov.pl\/pl\/informacje_konsularne\/poradniki_i_informatory\" target=\"_blank\">Poradniki MSZ<\/a><\/li>\n<li><a href=\"http:\/\/polskaprzedsiebiorcza.pl\/ \">Polska przedsi\u0119biorcza<\/a><\/li>\n<li><a href=\"http:\/\/odpowiedzialnybiznes.pl\/\" target=\"_blank\">odpowiedzialnybiznes.eu<\/a><\/li>\n<li><a href=\"http:\/\/www.galeriehandlowe.pl\/go.live.php\" target=\"_blank\">galeriehandlowe.pl<\/a><\/li>\n<li><a href=\"http:\/\/firmao.pl\/\" target=\"_blank\">firmao.pl<\/a><\/li>\n<li><a href=\"https:\/\/latarnicy.pl\/knowledge-base\/items\/?in_category=27\" target=\"_blank\">Latarnicy<\/a><\/li>\n<li><a href=\"http:\/\/media2.pl\/\" target=\"_blank\">media2.pl<\/a><\/li>\n<li><a href=\"http:\/\/retail360.pl\/\" target=\"_blank\">retail360.pl<\/a><\/li>\n<li><a href=\"http:\/\/firmyrodzinne.eu\/aktualnosci\" target=\"_blank\">firmyrodzinne.eu<\/a><\/li>\n<li><a href=\"http:\/\/corton.pl\/\" target=\"_blank\">corton.pl<\/a><\/li>\n<li><a href=\"http:\/\/plbclub.pl\/#gkHeader\" target=\"_blank\">plbclub.pl<\/a><\/li>\n<li><a href=\"http:\/\/www.onlinepartners.pl\/pl\/\" target=\"_blank\">onlinepartnerts.pl<\/a><\/li>\n<li><a href=\"http:\/\/www.ipblog.pl\/\" target=\"_blank\">ipblog.pl<\/a><\/li>\n<li><a href=\"http:\/\/franchising.pl\/\" target=\"_blank\">franchising.pl<\/a><\/li>\n<li><a href=\"http:\/\/ankiety.interaktywnie.com\/\" target=\"_blank\">Ankiety<\/a><\/li>\n<li><a href=\"http:\/\/www.marr.pl\" target=\"_blank\">marr.pl-ochrona w\u0142asno\u015bci intelektualnej<\/a><\/li>\n<li><a href=\"http:\/\/www.wzorowysklep.pl\/\" target=\"_blank\">wzorowysklep.pl<\/a><\/li>\n<li><a href=\"http:\/\/www.biznes-firma.pl\/W_grupie_razniej___czyli_jak_zalozyc_spoldzielnie_socjalna,17501.html\" target=\"_blank\">Jak za\u0142o\u017cy\u0107 sp\u00f3\u0142dzielni\u0119 socjaln\u0105<\/a><\/li>\n<li><a href=\"http:\/\/firmyrodzinne.eu\/aktualnosci\" target=\"_blank\">firmyrodzinne.eu<\/a><\/li>\n<li><a href=\"http:\/\/www.portalsamorzadowy.pl\/prawo-i-finanse\/podserwis\/serwis-zmiany-w-prawie,21,12.html\" target=\"_blank\">Zmiany w prawie<\/a> \/ <a href=\"http:\/\/www.lex.pl\/najnowsze-zmiany-w-prawie\" target=\"_blank\">Zmiany prawa<\/a><\/li>\n<li><a href=\"http:\/\/www.biznes-firma.pl\/d.102.Jak_zalozyc_firme.html\" target=\"_blank\">Jak za\u0142o\u017cy\u0107 firm\u0119<\/a><\/li>\n<li><a href=\"http:\/\/www.biznes-firma.pl\/\" target=\"_blank\">Biznes-firma.pl<\/a><\/li>\n<li><a href=\"http:\/\/regionmazowsze.pl\/?page_id=3023\">Instytucje w Polsce<\/a><\/li>\n<li><a href=\"http:\/\/bip.kprm.gov.pl\/portal\/kpr\/78\/2138\/Skargi_i_wnioski_obywateli.html\" target=\"_blank\">Skargi i wnioski Obywateli, kprm.gov.pl<\/a><\/li>\n<li><a href=\"http:\/\/www.gmina-europa.pap.pl\/palio\/html.run?_Instance=cms_samorzad.pap.pl&amp;_PageID=2&amp;s=redakcyjne.europa&amp;dz=redakcyjne.europa&amp;_CheckSum=-139616248\" target=\"_blank\">Samorz\u0105d.PAP.pl<\/a><\/li>\n<li><a href=\"http:\/\/www.kprm.gov.pl\/realizacja-expose.html\" target=\"_blank\">Realizacja plan\u00f3w KPRM<\/a><\/li>\n<li><a href=\"http:\/\/www.finanse.mf.gov.pl\/abc-podatkow\/kip\/interpretacje-prawa-podatkowego;jsessionid=2E3546A9E84ECBB90EF8F3B41F64BF9B\" target=\"_blank\">Interpretacje podatkowe<\/a><\/li>\n<li><a href=\"http:\/\/www.portalfk.pl\/\" target=\"_blank\">portalfk.pl<\/a><\/li>\n<li><a href=\"http:\/\/www.poczta-polska.pl\/\" target=\"_blank\">poczta-polska.pl<\/a><\/li>\n<\/ul>\n<\/td>\n<\/tr>\n<\/tbody>\n<\/table>\n<p>&nbsp;<\/p>\n","protected":false},"excerpt":{"rendered":"<p>Artyku\u0142y o przedsi\u0119biorcach O strefie euro i gospodarce Przedsi\u0119biorczo\u015b\u0107 w Polsce 2012 Invest in Poland Agencja Rozwoju Mazowsza Mazowiecki Regionalny Fundusz Po\u017cyczkowy Polska Wschodnia Dlaczego nie zainwestowa\u0142e\u015b w Polsce Wschodniej? Polska Agencja Informacji i Inwestycji Zagranicznych &#8211; Prawo dla inwestor\u00f3w WEB.GOV.PL \/Izba Gospodarki Elektronicznej mamstartup.pl\/startuptv.pl \/pierwszymilion.forbes.pl Klasyfikacje.pl Krajowa Izba Gospodarcza Portal Innowacji inkubatory.pl \/ e-meeting.pl [&hellip;]<\/p>\n","protected":false},"author":2,"featured_media":0,"parent":2425,"menu_order":6,"comment_status":"open","ping_status":"open","template":"","meta":[],"_links":{"self":[{"href":"https:\/\/regionmazowsze.pl\/index.php?rest_route=\/wp\/v2\/pages\/3101"}],"collection":[{"href":"https:\/\/regionmazowsze.pl\/index.php?rest_route=\/wp\/v2\/pages"}],"about":[{"href":"https:\/\/regionmazowsze.pl\/index.php?rest_route=\/wp\/v2\/types\/page"}],"author":[{"embeddable":true,"href":"https:\/\/regionmazowsze.pl\/index.php?rest_route=\/wp\/v2\/users\/2"}],"replies":[{"embeddable":true,"href":"https:\/\/regionmazowsze.pl\/index.php?rest_route=%2Fwp%2Fv2%2Fcomments&post=3101"}],"version-history":[{"count":376,"href":"https:\/\/regionmazowsze.pl\/index.php?rest_route=\/wp\/v2\/pages\/3101\/revisions"}],"predecessor-version":[{"id":11739,"href":"https:\/\/regionmazowsze.pl\/index.php?rest_route=\/wp\/v2\/pages\/3101\/revisions\/11739"}],"up":[{"embeddable":true,"href":"https:\/\/regionmazowsze.pl\/index.php?rest_route=\/wp\/v2\/pages\/2425"}],"wp:attachment":[{"href":"https:\/\/regionmazowsze.pl\/index.php?rest_route=%2Fwp%2Fv2%2Fmedia&parent=3101"}],"curies":[{"name":"wp","href":"https:\/\/api.w.org\/{rel}","templated":true}]}}