{"id":2822,"date":"2011-03-11T23:40:43","date_gmt":"2011-03-11T22:40:43","guid":{"rendered":"http:\/\/regionmazowsze.pl\/?page_id=2822"},"modified":"2015-09-16T21:54:15","modified_gmt":"2015-09-16T20:54:15","slug":"oldman","status":"publish","type":"page","link":"https:\/\/regionmazowsze.pl\/?page_id=2822","title":{"rendered":"Senior"},"content":{"rendered":"<ul>\n<li><a href=\"http:\/\/prawa-seniora.wieszjak.pl\/\" target=\"_blank\">PRAWA SENIORA &#8211; wieszjak.pl<\/a><\/li>\n<\/ul>\n<ul>\n<li><a href=\"http:\/\/www.zdaniemseniora.pl\/\" target=\"_blank\">zdaniemseniora.pl<\/a><\/li>\n<\/ul>\n<ul>\n<li><a href=\"http:\/\/www.latarnicy2020.pl\/\" target=\"_blank\">Latarnicy2020.pl<\/a><\/li>\n<\/ul>\n<ul>\n<li><a href=\"http:\/\/www.porozumienieutw.com.pl\/\" target=\"_blank\">www.porozumienieutw.com.pl<\/a><\/li>\n<\/ul>\n<ul>\n<li><a href=\"http:\/\/www.pozwolnawsparcie.pl\" target=\"_blank\">pozwolnawsparcie.pl<\/a><\/li>\n<\/ul>\n<ul>\n<li><a href=\"http:\/\/damy-rade.info\/\" target=\"_blank\">damy-rade.info<\/a><\/li>\n<\/ul>\n<ul>\n<li><a href=\"https:\/\/latarnicy.pl\/knowledge-base\/items\/?in_category=27\" target=\"_blank\">Latarnicy<\/a><\/li>\n<\/ul>\n<ul>\n<li><a href=\"http:\/\/www.biblioteki.org\/pl\/_biuletyn_?ctype=ogolny&amp;cid=664\" target=\"_blank\"><strong>Edukacja os\u00f3b starszych<\/strong><\/a><\/li>\n<\/ul>\n<ul>\n<li><a href=\"http:\/\/mojaemerytura.rp.pl\" target=\"_blank\">mojaemerytura.rp.pl<\/a><\/li>\n<\/ul>\n<ul>\n<li><a href=\"http:\/\/www.platforma.org\/aktualnosc\/35602\/emerytura-gov-pl\" target=\"_blank\">emerytura.gov.pl<\/a><\/li>\n<\/ul>\n<ul>\n<li><a href=\"http:\/\/wiadomosci.ngo.pl\/wiadomosci\/269377.html\"> Poradnik na temat praw os\u00f3b starszych w Wlk. Brytanii<\/a>. Czytaj <a href=\"http:\/\/wiadomosci.ngo.pl\/files\/wiadomosci.ngo.pl\/public\/opracowania\/Miniguide_Polish_Czas_na_walke_z_dyscryminacja.pdf\">tu<\/a>. A kiedy u nas?<\/li>\n<\/ul>\n<ul>\n<li><a href=\"http:\/\/partycypacjaobywatelska.pl\/wp-content\/uploads\/2013\/08\/Jak-us%C5%82ysze%C4%87-g%C5%82os-seniora-presskit.pdf\" target=\"_blank\">\u00a0<\/a><a href=\"http:\/\/partycypacjaobywatelska.pl\/wp-content\/uploads\/2013\/08\/Jak-us%C5%82ysze%C4%87-g%C5%82os-seniora-presskit.pdf\" target=\"_blank\">Jak us\u0142ysze\u0107 g\u0142os os\u00f3b starszych<\/a><\/li>\n<\/ul>\n<ul>\n<li><a href=\"http:\/\/www.dlamozgu.pl\/\" target=\"_blank\">dlamozgu.pl<\/a><\/li>\n<\/ul>\n<p><strong>Zarz\u0105d Wojew\u00f3dztwa Mazowieckiego og\u0142osi\u0142 otwarty konkurs ofert<\/strong> dla organizacji pozarz\u0105dowych oraz innych uprawnionych podmiot\u00f3w na realizacj\u0119 zada\u0144 publicznych Wojew\u00f3dztwa Mazowieckiego w 2011 roku w obszarze promocja zdrowia i polityka spo\u0142eczna \u2013 Priorytet 3. <strong>Dzia\u0142ania na rzecz zapobiegania wykluczeniu spo\u0142ecznemu. Oferty mo\u017cna sk\u0142ada\u0107 do 17 maja 2011.<\/strong> Wi\u0119cej: <a href=\"http:\/\/wiadomosci.ngo.pl\/wiadomosci\/638369.html?from=rss\">ngo.pl<\/a><\/p>\n<p><strong>Zarz\u0105d Wojew\u00f3dztwa Mazowieckiego og\u0142osi\u0142 otwarty konkurs ofert<\/strong> dla organizacji pozarz\u0105dowych oraz innych uprawnionych podmiot\u00f3w na realizacj\u0119 zada\u0144 publicznych Wojew\u00f3dztwa Mazowieckiego w 2011 roku w obszarze promocja zdrowia i polityka spo\u0142eczna \u2013 Priorytet 5.<strong> Dzia\u0142ania na rzecz poprawy warunk\u00f3w \u017cycia ludzi starszych. Oferty mo\u017cna sk\u0142ada\u0107 do 17 maja 2011.<\/strong> Wi\u0119cej: <a href=\"http:\/\/wiadomosci.ngo.pl\/wiadomosci\/638260.html?from=rss\">ngo.pl<\/a><\/p>\n","protected":false},"excerpt":{"rendered":"<p>PRAWA SENIORA &#8211; wieszjak.pl zdaniemseniora.pl Latarnicy2020.pl www.porozumienieutw.com.pl pozwolnawsparcie.pl damy-rade.info Latarnicy Edukacja os\u00f3b starszych mojaemerytura.rp.pl emerytura.gov.pl Poradnik na temat praw os\u00f3b starszych w Wlk. Brytanii. Czytaj tu. A kiedy u nas? \u00a0Jak us\u0142ysze\u0107 g\u0142os os\u00f3b starszych dlamozgu.pl Zarz\u0105d Wojew\u00f3dztwa Mazowieckiego og\u0142osi\u0142 otwarty konkurs ofert dla organizacji pozarz\u0105dowych oraz innych uprawnionych podmiot\u00f3w na realizacj\u0119 zada\u0144 publicznych Wojew\u00f3dztwa [&hellip;]<\/p>\n","protected":false},"author":2,"featured_media":0,"parent":3174,"menu_order":12,"comment_status":"open","ping_status":"open","template":"","meta":[],"_links":{"self":[{"href":"https:\/\/regionmazowsze.pl\/index.php?rest_route=\/wp\/v2\/pages\/2822"}],"collection":[{"href":"https:\/\/regionmazowsze.pl\/index.php?rest_route=\/wp\/v2\/pages"}],"about":[{"href":"https:\/\/regionmazowsze.pl\/index.php?rest_route=\/wp\/v2\/types\/page"}],"author":[{"embeddable":true,"href":"https:\/\/regionmazowsze.pl\/index.php?rest_route=\/wp\/v2\/users\/2"}],"replies":[{"embeddable":true,"href":"https:\/\/regionmazowsze.pl\/index.php?rest_route=%2Fwp%2Fv2%2Fcomments&post=2822"}],"version-history":[{"count":42,"href":"https:\/\/regionmazowsze.pl\/index.php?rest_route=\/wp\/v2\/pages\/2822\/revisions"}],"predecessor-version":[{"id":11472,"href":"https:\/\/regionmazowsze.pl\/index.php?rest_route=\/wp\/v2\/pages\/2822\/revisions\/11472"}],"up":[{"embeddable":true,"href":"https:\/\/regionmazowsze.pl\/index.php?rest_route=\/wp\/v2\/pages\/3174"}],"wp:attachment":[{"href":"https:\/\/regionmazowsze.pl\/index.php?rest_route=%2Fwp%2Fv2%2Fmedia&parent=2822"}],"curies":[{"name":"wp","href":"https:\/\/api.w.org\/{rel}","templated":true}]}}